vided by s(-9)?
20
Let k = -269 + 673. What is the remainder when k is divided by 141?
122
Suppose 0 = 4*c + 52 - 60, 42 = 4*z + 3*c. Calculate the remainder when 42 is divided by z.
6
Let b(r) = 35*r + 86. Calculate the remainder when b(5) is divided by 44.
41
Suppose -66 = -23*l + 49. Calculate the remainder when 50 is divided by l.
0
Let o(c) = 6*c. Let s(f) = f - 1. Let q(l) = 2*o(l) - 4*s(l). What is the remainder when 79 is divided by q(2)?
19
Let d(r) = r**3 + 7*r**2 - 3*r - 5. Suppose -3*u + 4*b + 98 = 0, 9*u = 7*u - 4*b + 52. Calculate the remainder when u is divided by d(-7).
14
Suppose -x + 2*h = 3*h - 16, -x + 3*h = -36. What is the remainder when 95 is divided by x?
11
Let y(l) = -l - 6. Suppose -5*b = 53 + 17. Suppose -2*c - 2*j + 26 = 0, j = -c - 4*c + 65. What is the remainder when c is divided by y(b)?
5
Suppose -8 = -2*i, -382 = 16*o - 21*o - 3*i. What is the remainder when o is divided by 7?
4
Suppose 0 = -52*w - 206 + 2078. Calculate the remainder when 1078 is divided by w.
34
Let n(f) = -f + 16. Let o be 252/(-27) - 1/(-3). What is the remainder when 49 is divided by n(o)?
24
Suppose 14*f - 385 = -119. Calculate the remainder when 377 is divided by f.
16
Let m(i) = i**3 + 5*i**2 - 4*i - 5. Let s(f) = 10*f - 121. Calculate the remainder when m(-5) is divided by s(13).
6
Suppose -8*i + 1938 = 9*i. Calculate the remainder when i is divided by 24.
18
Let x = 19 + -13. Suppose 5*t - 36*i + 40*i - 48 = 0, -5*i = 5*t - 55. Calculate the remainder when x is divided by t.
2
Let k(p) = p**3 + 3*p**2 - 2*p - 3. Let x be k(3). Let s = -34 + x. What is the remainder when 53 is divided by s?
9
Let o(y) = -y + 17. Let f = 9 - 6. Let p = f - -26. Calculate the remainder when p is divided by o(7).
9
Let i = -14 - -14. Suppose 2*t + t - 15 = i. Suppose -2*q - t*m + 41 = 0, -2*m - 41 = -3*q - 8. What is the remainder when q is divided by 8?
5
Suppose m - 3*r + 3 = 0, -m = -14*r + 16*r - 12. Suppose -2*a + 162 = 3*x + a, 4*x + 3*a = 211. What is the remainder when x is divided by m?
1
Let u(b) = -26 + 30*b - 14 + 23. What is the remainder when u(6) is divided by 33?
31
Suppose -7*m + 2*m = -15. Suppose -m*u - 560 = -7*u. What is the remainder when u is divided by 11?
8
Calculate the remainder when 5*((-378)/(-35) - -4) is divided by 4.
2
Let r = -19 + -53. Let l = 197 + r. Calculate the remainder when l is divided by 32.
29
Suppose 2*z = -0*z + 4, -5*y = -5*z - 2350. Calculate the remainder when (-12)/28 + y/7 is divided by 23.
21
Let p(q) = -q**3 + 10*q**2 - 16*q + 185. Calculate the remainder when 157 is divided by p(10).
7
Suppose 12*b = 3*b + 27. What is the remainder when 73 is divided by b?
1
Suppose 6*p = 2*p - 24. Calculate the remainder when 206 is divided by (10/4)/(p/(-84)).
31
Let v(t) = 115*t**2 + 9*t - 6. Let x(j) = -115*j**2 - 8*j + 5. Let y(q) = -6*v(q) - 7*x(q). What is the remainder when y(-1) is divided by 29?
27
Suppose 0 = -2*q + 9 + 51. Calculate the remainder when 97 is divided by q/9*(-60)/16*-2.
22
Suppose -2*k = 5*o - 121, o + 34 = 4*k - 197. Let t = -32 + 52. What is the remainder when k is divided by t?
18
Suppose 0 = -6*g + 58 + 14. Calculate the remainder when 19 is divided by g.
7
Let s(b) = 7*b**2 + 2*b - 2. Let t = -6431 - -6438. What is the remainder when s(-2) is divided by t?
1
Let y = 5 + -2. Suppose 3*j + 4*l = -l - 27, y*j = l - 9. Let k(b) = 2*b**2 - 5*b - 1. What is the remainder when k(j) is divided by 26?
25
Suppose -206 + 305 = 3*r. Calculate the remainder when r is divided by 9.
6
Suppose p = 5*p - 596. Let r = -12 + p. Let k = r - 92. Calculate the remainder when k is divided by 12.
9
Calculate the remainder when 8/(216/(-117))*-51 is divided by 24.
5
Let f = 1344 - 1336. What is the remainder when f is divided by 6?
2
Suppose 912 = 4*v + 4*j, -12*j = 3*v - 7*j - 684. What is the remainder when v is divided by 74?
6
Suppose -s + 1 = -2*g - 46, -4*g = s + 97. Let d = 52 - g. Suppose 0 = -4*a + 36 + d. What is the remainder when 83 is divided by a?
27
Calculate the remainder when 224 is divided by 4/8 + (-1017)/(-18).
53
Suppose -3*v + 5*s = -4*v - 2, -43 = -4*v - 3*s. Let b(g) = 3*g**3 - 2*g**2 - 5*g + 3. What is the remainder when b(3) is divided by v?
12
Let o(p) = -8*p - 19. Let k(n) = 3*n + 6. Let l(a) = -7*k(a) - 2*o(a). What is the remainder when 44 is divided by l(-4)?
12
Let d(r) = -3*r**2 - r + 3. Let y(g) = -g. Let o(z) = -d(z) - 2*y(z). Suppose 0*s - 2*s + 86 = 0. Calculate the remainder when s is divided by o(-3).
13
Suppose p - 24 = -p. Suppose 17*c + 55 = 28*c. Suppose -c = -40*i + 39*i. What is the remainder when p is divided by i?
2
Suppose 3*r = -5*i + 5, -i = 4*r - 5*i - 28. Suppose 5*g - 172 - 38 = -5*v, -g = r*v - 34. What is the remainder when g is divided by 13?
5
Let k(x) = x**2 + 30*x + 193. What is the remainder when 381 is divided by k(-23)?
29
Let x = -7 + 10. Let d = x + 27. Let q(h) = -h**2 - 7*h + 5. What is the remainder when d is divided by q(-6)?
8
Suppose -142*n - 5*x = -145*n + 5, -5*n - x = -55. What is the remainder when 297 is divided by n?
7
Suppose -2*j = s - 106, -9*j + 12*j = 2*s + 152. What is the remainder when j is divided by 38?
14
Let s(x) = 3*x**2 - 39*x + 38. What is the remainder when 71 is divided by s(12)?
1
Suppose 21*r + 700 = 49*r. Calculate the remainder when r is divided by 20.
5
Suppose -11*z - 29*z + 442 = -6*z. Let s be (-9)/6*-1*2. Suppose s*h - 144 = -h. What is the remainder when h is divided by z?
10
Let x(d) = -3*d + 7. Let b be x(-1). What is the remainder when 186/b + (-24)/40 is divided by 5?
3
Let y(j) = j. Let n(r) = -r**2 + 7*r + 31. What is the remainder when y(2) is divided by n(10)?
0
Suppose 4*x = 2*x. Suppose -5*s - b = -2*b - 20, -2*s + 4*b - 10 = x. Let n = 14 - s. What is the remainder when 25 is divided by n?
7
Suppose -75 = -2*m - 2*m - 3*c, -4*c + 80 = 4*m. Calculate the remainder when ((-13 - 4) + 15)*59/(-2) is divided by m.
14
Suppose -g + 150 = b, -17 = 3*g - 2. Suppose 0 = 4*c - 8, -5*u + 2*c + 150 = -41. Calculate the remainder when b is divided by u.
38
Suppose 15 = -5*h, -3*c + 70 = 3*h - 14. Let q(d) = -8*d + 59. What is the remainder when c is divided by q(6)?
9
Suppose -5*i - 8191 = 214. Let m = i + 1145. What is the remainder when 33 is divided by m/(-44) - 2/11?
9
Let l = -132 + 300. What is the remainder when l is divided by 34?
32
Suppose -4*t + 5*t + 5 = 0, v = 4*t + 75. Calculate the remainder when v is divided by 28.
27
Let s = -309 + 156. Let x = s + 176. What is the remainder when 159 is divided by x?
21
Let d = -21 + 9. Let k = 26 + d. Calculate the remainder when k is divided by 4.
2
What is the remainder when 28 is divided by (-3)/(-2)*392/147?
0
Let m(f) = 3*f**3 + f**2 + 3*f - 2. Let c(h) = -h - 6. Let b be c(-8). Suppose q - 5*g = 32, q + 5*g - 4 = -b. What is the remainder when m(2) is divided by q?
15
Let m(p) = -p - 6. Let j be m(0). Let q = -2 - j. Let h = 2 + 4. What is the remainder when h is divided by q?
2
Suppose 34*r - 190 = 91*r - 874. Suppose 2*x = 5*h + 14, -h + 2*x + 8 = -2*x. What is the remainder when (6/h)/(2/(-60)) is divided by r?
9
Let f = -14 + 37. Suppose -1 - f = -4*c. Calculate the remainder when 19 is divided by c.
1
Let z = 2776 + -2752. What is the remainder when z is divided by 28/((3 - 2)*2)?
10
Let l(v) = 21*v**2 + 11*v + 3. Calculate the remainder when 155 is divided by l(-1).
12
Let d = -1 - -4. Suppose -d*i + 793 = 10*i. Calculate the remainder when i is divided by 19.
4
Suppose 0 = 5*u - 17*u + 60. Calculate the remainder when 131 is divided by u.
1
Suppose 0 = 5*s - 5*f - 160, 19 + 16 = s - 4*f. Calculate the remainder when 154 is divided by s.
30
Suppose 61 = -3*z + 4*v - 63, -z + v = 41. Let c = z + 49. What is the remainder when c is divided by 2?
1
Suppose -r + 6*r + 104 = 4*g, 70 = 2*g + 2*r. Calculate the remainder when 56 is divided by g.
25
Let p(n) = 2*n - 499. Let f be p(0). Let t = f - -248. What is the remainder when 68 is divided by (-6)/(-33) + t/(-11)?
22
What is the remainder when 548 is divided by 3 + 31 - 5 - 4?
23
Let q(y) be the first derivative of -7*y**4/2 - y**3/3 + y**2/2 - y - 6. Calculate the remainder when q(-2) is divided by 18.
15
Let b(j) = 16*j**2 - j - 1. Suppose -3*p + p - 2*f + 6 = 0, 3*p - 4*f + 19 = 0. Let c be b(p). 